 + 229. Determine a(13).
-83
Let w(x) = 28*x + 315. Determine w(-15).
-105
Let u(g) = -g**2 - 163*g - 1248. Give u(-155).
-8
Let q(h) = -1245*h - 6218. Calculate q(-5).
7
Let j(a) = 45*a - 32. Calculate j(7).
283
Let o(u) = -4*u**2 + 3*u - 33. Determine o(8).
-265
Let w(t) = 225*t - 53986. Determine w(240).
14
Let k(q) = -8*q**2 + 24*q + 74. What is k(-6)?
-358
Let u(h) = h**3 - 27*h**2 + 155*h + 1. Give u(18).
-125
Let w(d) = -d**3 + 24*d**2 - 37*d - 74. Calculate w(22).
80
Let j(o) = -19*o + 339. Determine j(14).
73
Let z(o) = o**3 - 20*o**2 + 36*o - 318. Calculate z(19).
5
Let l(o) = o**3 - 47*o**2 + 32*o + 398. Calculate l(46).
-246
Let n(m) = m**3 + 8*m**2 + 12*m - 20. Give n(-5).
-5
Let t(p) = 2*p**3 + 14*p**2 + 16*p + 10. Determine t(-6).
-14
Let b(k) = k**3 - 42*k**2 + 247*k. Determine b(7).
14
Let p(s) = -67*s**2 - 9*s - 5. What is p(-2)?
-255
Let x(i) = 2*i**2 - 366*i + 15548. Calculate x(116).
4
Let p(a) = a**3 + 42*a**2 - 3*a - 115. What is p(-42)?
11
Let n(c) = -2*c**2 + 76*c - 69. Calculate n(37).
5
Let z(x) = 193*x - 803. Determine z(5).
162
Let z(c) = 3*c**3 + 5*c**2 - 21*c - 92. Calculate z(-5).
-237
Let a(r) = -9*r**2 - 45*r - 120. Calculate a(-5).
-120
Let b(y) = 19*y**2 + 148*y + 7. What is b(-8)?
39
Let b(y) = 4*y**2 + 4*y - 95. Give b(-6).
25
Let c(o) = 3*o**2 - 20. Determine c(-4).
28
Let b(d) = d**2 + 68*d + 721. Calculate b(-13).
6
Let c(d) = 70*d + 997. Determine c(-14).
17
Let q(i) = 3*i**3 + 156*i**2 + 5*i + 264. Calculate q(-52).
4
Let o(f) = f**3 + 21*f**2 + 42*f - 222. Calculate o(-18).
-6
Let z(f) = 39*f + 1648. Calculate z(-42).
10
Let x(i) = -205*i + 1643. What is x(8)?
3
Let p(c) = 4*c**3 - 32*c**2 - 130*c + 853. What is p(9)?
7
Let q(o) = 2*o**2 + 31*o + 29. Calculate q(-15).
14
Let h(c) = c**2 + 79*c + 432. Give h(-6).
-6
Let m(w) = -48*w - 586. Calculate m(-13).
38
Let c(p) = -2*p**2 - 166*p + 56066. Calculate c(-214).
-2
Let h(u) = -u**2 + 7*u + 39. Determine h(-10).
-131
Let t(h) = -h**3 - 8*h**2 - 2*h + 6. What is t(-1)?
1
Let g(r) = 2408*r + 219120. Calculate g(-91).
-8
Let k(a) = -a**3 + 8*a**2 + 18*a - 65. Determine k(9).
16
Let h(m) = 2224*m + 33436. Determine h(-15).
76
Let d(n) = 796*n + 1595. Give d(-2).
3
Let x(p) = p**2 + 11*p - 91. Determine x(-16).
-11
Let c(p) = 5877*p + 5885. What is c(-1)?
8
Let q(d) = 102*d + 4672. What is q(-46)?
-20
Let c(v) = -19*v**3 + 15*v**2 + 10*v - 3. Determine c(-1).
21
Let u(v) = -13*v - 157. Calculate u(-3).
-118
Let z(b) = 94*b**2 + 125*b - 124. Give z(1).
95
Let p(a) = 119*a**3 + 2*a**2 - 3*a - 6. Give p(-1).
-120
Let p(i) = 473*i - 1513. What is p(3)?
-94
Let d(l) = 34*l + 61. Calculate d(-4).
-75
Let l(u) = 378*u + 7168. Determine l(-19).
-14
Let a(i) = -2*i**2 + 111*i - 1316. What is a(17)?
-7
Let t(y) = -3092*y + 40130. What is t(13)?
-66
Let s(c) = -137*c + 76. Calculate s(1).
-61
Let g(c) = 7*c**2 - 151*c + 50. What is g(21)?
-34
Let l(o) = -o**3 + 80*o**2 + 519*o - 104. Give l(86).
154
Let r(s) = -s**3 + 50*s**2 + 1778*s - 239. What is r(74)?
-91
Let w(z) = 67*z - 4722. Give w(70).
-32
Let v(d) = 224*d - 5141. Give v(23).
11
Let i(p) = -p**3 - 7*p**2 + 6*p + 6. Determine i(-6).
-66
Let m(l) = 335*l + 1327. Calculate m(-4).
-13
Let x(g) = -g**2 - 11*g + 220. Determine x(-24).
-92
Let w(c) = c**3 - 3*c**2 - 6*c + 11. What is w(-3)?
-25
Let u(x) = -x**2 + 23*x - 81. Determine u(20).
-21
Let u(y) = -8*y**2 - 26*y - 22. Calculate u(-5).
-92
Let f(k) = -k**2 + 28*k + 31. Determine f(3).
106
Let p(o) = -96*o + 1726. Calculate p(18).
-2
Let m(n) = n**2 - 9*n - 166. Determine m(14).
-96
Let a(d) = -114*d**3 + d**2 + 3*d + 2. What is a(-1)?
114
Let u(q) = -11*q**2 + 556*q + 143. Calculate u(51).
-112
Let b(v) = -224*v**2 - 418*v + 27. Calculate b(-2).
-33
Let o(l) = 97*l**2 - 110*l + 5. Determine o(1).
-8
Let p(b) = 88*b**2 - 879*b - 7. Give p(10).
3
Let h(v) = -v**3 + 20*v**2 - 27*v + 28. Give h(19).
-124
Let w(f) = 6*f**3 - 4*f**2 + 26*f - 44. Calculate w(2).
40
Let i(y) = y**3 - 9*y**2 + 2*y + 76. What is i(4)?
4
Let i(m) = 2*m**3 - 57*m**2 + 27*m + 32. Determine i(28).
4
Let c(f) = 88*f + 995. Give c(-10).
115
Let y(k) = 11*k**2 + 31*k - 51. Calculate y(2).
55
Let l(t) = -t**2 + 173*t - 6081. Give l(49).
-5
Let u(i) = 3*i**3 + 7*i + 5. What is u(-1)?
-5
Let f(l) = 2*l**3 + 121*l**2 - 184*l + 128. Give f(-62).
4
Let p(a) = 21*a**2 + 21*a - 17. Determine p(1).
25
Let q(p) = -5*p**2 + 5*p + 59. What is q(-4)?
-41
Let r(n) = 594*n - 2220. Calculate r(4).
156
Let u(j) = -48*j + 7. Give u(-3).
151
Let j(b) = b**2 + b - 4154. Determine j(-65).
6
Let r(p) = -p**2 - 59*p + 326. Calculate r(-64).
6
Let d(m) = -3*m**3 - 51*m**2 - 273*m - 19. What is d(-6)?
431
Let s(p) = 2*p**2 + 65*p - 761. Give s(11).
196
Let o(w) = -423*w + 404. What is o(1)?
-19
Let y(a) = 2*a**2 - 69*a + 534. What is y(22)?
-16
Let v(a) = a**3 - 7*a**2 - 2*a + 51. Give v(6).
3
Let q(y) = y**3 - 9*y**2 - 17*y - 35. What is q(12)?
193
Let y(x) = -x**3 - 10*x**2 - 32*x - 70. Give y(-6).
-22
Let w(l) = -2271*l - 9081. Give w(-4).
3
Let f(a) = 151*a - 771. Give f(5).
-16
Let x(z) = 10*z + 987. Calculate x(-80).
187
Let l(q) = 48*q - 360. Give l(9).
72
Let o(f) = -f**2 - 15*f - 19. Give o(11).
-305
Let r(u) = 79*u**2 - 228*u - 12. Determine r(3).
15
Let s(k) = 48*k**2 - 417*k + 14. Calculate s(7).
-553
Let k(z) = -36*z + 333. What is k(10)?
-27
Let n(a) = -17*a - 268. Determine n(-30).
242
Let m(k) = k**2 + 34*k + 274. Give m(-12).
10
Let a(i) = 34*i**2 + 96*i - 2. Give a(-3).
16
Let a(w) = 2*w**3 + 256*w**2 + 3*w + 351. Calculate a(-128).
-33
Let b(l) = -15*l**2 - 364*l - 12. Give b(-23).
425
Let y(v) = -2*v**3 - 199*v**2 + 1374*v - 424. Determine y(-106).
0
Let s(a) = 496*a - 23804. Determine s(48).
4
Let x(j) = -j**3 - 5*j**2 + 2*j + 119. Calculate x(0).
119
Let q(s) = -4*s**3 + 74*s**2 - 36*s + 25. Give q(18).
25
Let n(d) = -1789*d - 3600. Give n(-2).
-22
Let f(r) = -90*r**3 - 2*r**2 + 24*r - 46. Give f(2).
-726
Let m(o) = o**2 + 16*o + 85. Determine m(-7).
22
Let r(n) = -17*n + 1769. Calculate r(103).
18
Let p(q) = -13*q**2 - 1821*q - 145. What is p(-140)?
-5
Let g(y) = 31*y**2 - 348*y + 69. Give g(11).
-8
Let z(o) = 2*o**3 + 31*o**2 - 35*o - 385. What is z(-16)?
-81
Let s(u) = 3*u**2 - 89*u + 166. What is s(28)?
26
Let v(k) = -k**3 - 133*k**2 + 265*k + 76. What is v(-135)?
751
Let b(c) = -15*c - 756. Calculate b(-25).
-381
Let m(v) = -2*v**3 - 4*v**2 - v + 12. Calculate m(-5).
167
Let i(p) = -5*p**2 - 92*p - 50. Determine i(-18).
-14
Let z(q) = -2*q**2 + 66*q + 2. Give z(33).
2
Let x(u) = -12*u + 36. What is x(-5)?
96
Let i(y) = y**3 - 26*y**2 - 16*y + 43. Determine i(26).
-373
Let t(z) = z**3 - 25*z**2 + 144*z + 115. Determine t(11).
5
Let t(p) = -30*p**3 - 133*p**2 + 3*p - 7. Give t(-3).
-403
Let y(x) = -24*x**2 + 86*x + 171. Calculate y(5).
1
Let j(m) = -596*m - 1291. What is j(-3)?
497
Let l(t) = -t**3 + 4*t**2 - 8*t + 3. What is l(6)?
-117
Let z(r) = 3*r**3 - 3*r**2 - 2*r - 2. What is z(4)?
134
Let x(p) = -29*p + 162. Determine x(4).
46
Let z(n) = 3*n**3 + 64*n**2 - 46*n + 3. Calculate z(-22).
47
Let n(f) = -5338*f - 80074. Determine n(-15).
-4
Let v(t) = 36*t**2 + 1507*t - 209. Give v(-42).
1
Let g(u) = -u**3 + 53*u**2 - 197*u - 189. What is g(49)?
-238
Let c(z) = -3*z**3 + 42*z**2 - 30*z + 12. Give c(13).
129
Let w(r) = -3*r**3 - 9*r**2 + 26*r + 13. Give w(-5).
33
Let r(x) = 26*x + 563. Calculate r(-22).
-9
Let l(p) = 3*p**2 + 8*p - 553. Calculate l(-15).
2
Let o(b) = -104*b + 4. Determine o(-2).
212
Let w(a) = -138*a**2 - 2*a + 1. Give w(1).
-139
Let m(d) = -2*d**2 - 20*d + 500. Determine m(-21).
38
Let o(g) = g**3 + 52*g**2 + 100*g - 1505. What is o(-7)?
0
Let x(g) = 1598*g + 9584. What is x(-6)?
-4
Let b(a) = 346*a + 1716. Calculate b(-5).
-14
Let p(j) = -5*j**2 + 87*j + 56. Calculate p(18).
2
Let x(n) = n**2 - 13*n - 1195. Determine x(40).
-115
Let x(q) = 3*q**2 + 132*q - 35. Calculate x(-42).
-287
Let l(k) = 43*k - 2001. Calculate l(48).
63
Let t(l) = -l**3 - 182*l**2 + 719*l - 4648. What is t(-186)?
2
Let z(s) = 71*s - 10583. Calculate z(149).
-4
Let z(y) = y**3 - y**2 - 288*y + 1861. Determine z(8).
5
Let h(p) = p**2 + 37*p - 3082. Give h(40).
-2
Let i(s) = -109*s + 47. Give i(-1).
156
Let k(j) = 388*j - 2723. What is k(7)?
-7
Let g(q) = 1690*q + 18581. Give g(-11).
-9
Let q(y) 